 factors of 93357468?
2, 3, 463, 1867
What are the prime factors of 371681771?
23, 16160077
What are the prime factors of 30533273?
727, 41999
List the prime factors of 2113222809.
3, 704407603
List the prime factors of 3130392471.
3, 1043464157
What are the prime factors of 6478175?
5, 11, 23557
List the prime factors of 156628121.
13, 12048317
List the prime factors of 1094864702.
2, 17, 19, 1694837
What are the prime factors of 1557527618?
2, 778763809
What are the prime factors of 54080730?
2, 3, 5, 11, 131, 139
What are the prime factors of 1059819639?
3, 19, 251, 74077
List the prime factors of 143536804.
2, 35884201
List the prime factors of 2816287.
47, 59921
List the prime factors of 109207883.
337, 541, 599
List the prime factors of 415719887.
11, 17, 2223101
What are the prime factors of 7101518931?
3, 13, 4813, 12611
What are the prime factors of 37896304?
2, 409, 5791
What are the prime factors of 31926931?
31, 997, 1033
List the prime factors of 49411824.
2, 3, 7, 11, 29, 461
What are the prime factors of 130756059?
3, 7, 2017
What are the prime factors of 333707487?
3, 41, 2713069
What are the prime factors of 261380313?
3, 31, 271, 3457
List the prime factors of 20663712.
2, 3, 157, 457
What are the prime factors of 57558412?
2, 14389603
What are the prime factors of 17678864?
2, 7, 29, 5443
What are the prime factors of 4941768482?
2, 7, 19, 2654011
What are the prime factors of 203124334?
2, 7, 109, 133109
List the prime factors of 19609456.
2, 1225591
List the prime factors of 158796468.
2, 3, 4411013
List the prime factors of 63644269.
13, 4895713
List the prime factors of 3331985.
5, 131, 5087
What are the prime factors of 7188369726?
2, 3, 17, 359, 196307
What are the prime factors of 597925820?
2, 5, 19, 241, 6529
What are the prime factors of 2414612663?
17, 19, 7475581
List the prime factors of 34466539.
619, 55681
What are the prime factors of 14780505?
3, 5, 79, 12473
List the prime factors of 104483218.
2, 7, 59, 126493
What are the prime factors of 18496287?
3, 29, 70867
What are the prime factors of 938220447?
3, 521, 600269
What are the prime factors of 319868033?
9811, 32603
List the prime factors of 1735658779.
151, 2939, 3911
What are the prime factors of 618009778?
2, 29, 59, 3061
What are the prime factors of 115148467?
7, 89, 184829
What are the prime factors of 79670536?
2, 11, 905347
List the prime factors of 624228675.
3, 5, 7, 1189007
What are the prime factors of 54522769?
7, 31, 251257
List the prime factors of 3816294.
2, 3, 73, 8713
What are the prime factors of 38646131?
1627, 23753
List the prime factors of 3260582349.
3, 1086860783
List the prime factors of 76881869.
76881869
What are the prime factors of 78741255?
3, 5, 5249417
List the prime factors of 15601636.
2, 23, 169583
List the prime factors of 1714605583.
8539, 200797
What are the prime factors of 1012034139?
3, 59, 5717707
List the prime factors of 69781711.
71, 982841
List the prime factors of 109025005.
5, 21805001
List the prime factors of 17508450.
2, 3, 5, 151, 773
List the prime factors of 135197871.
3, 45065957
What are the prime factors of 125665266?
2, 3, 73, 113, 2539
List the prime factors of 816799131.
3, 90755459
List the prime factors of 138212498.
2, 19, 3637171
List the prime factors of 470602286.
2, 7, 11, 113, 27043
What are the prime factors of 731182328?
2, 23, 937, 4241
What are the prime factors of 2112521207?
2112521207
What are the prime factors of 30754329?
3, 10251443
List the prime factors of 96746211.
3, 23, 83, 1877
List the prime factors of 650767553.
8231, 79063
List the prime factors of 2175088566.
2, 3, 7, 29, 881, 2027
List the prime factors of 2341493802.
2, 3, 130082989
List the prime factors of 705286551.
3, 41, 1297, 4421
What are the prime factors of 353636881?
13, 397, 68521
List the prime factors of 4312969434.
2, 3, 239609413
What are the prime factors of 173972297?
59, 2948683
List the prime factors of 196135128.
2, 3, 7, 129719
What are the prime factors of 59566647?
3, 7, 53, 109, 491
List the prime factors of 591131208.
2, 3, 17, 193, 7507
List the prime factors of 4863565486.
2, 13, 137, 105031
List the prime factors of 6952599589.
13, 37, 59, 409, 599
List the prime factors of 2193751149.
3, 731250383
What are the prime factors of 986151121?
37, 43, 619831
What are the prime factors of 3683778152?
2, 199, 2313931
List the prime factors of 195811500.
2, 3, 5, 31, 4211
What are the prime factors of 252751284?
2, 3, 2251, 3119
What are the prime factors of 25208548?
2, 137, 157, 293
What are the prime factors of 57337039?
17, 47, 71761
What are the prime factors of 612410083?
67, 9140449
List the prime factors of 39439302.
2, 3, 7, 239, 3929
What are the prime factors of 68279914?
2, 34139957
What are the prime factors of 452149773?
3, 43, 1699, 2063
List the prime factors of 64210986.
2, 3, 7, 23, 22157
What are the prime factors of 1672695784?
2, 47, 59, 75401
What are the prime factors of 608657370?
2, 3, 5, 139, 227, 643
List the prime factors of 2081873596.
2, 11, 47315309
What are the prime factors of 51988399?
79, 409, 1609
List the prime factors of 141552279.
3, 11, 79, 2011
List the prime factors of 820399327.
11, 74581757
What are the prime factors of 812686992?
2, 3, 13, 1302383
What are the prime factors of 47084066?
2, 107, 220019
What are the prime factors of 46625873?
7, 433, 15383
What are the prime factors of 2048995590?
2, 3, 5, 68299853
List the prime factors of 376100782.
2, 19, 37, 267497
List the prime factors of 1763072678.
2, 151, 5837989
What are the prime factors of 142175253?
3, 11, 4308341
What are the prime factors of 197471358?
2, 3, 7, 174137
What are the prime factors of 4288594292?
2, 1072148573
What are the prime factors of 65364967?
4219, 15493
List the prime factors of 143508835.
5, 859, 33413
List the prime factors of 142680252.
2, 3, 11, 13, 17, 67, 73
What are the prime factors of 184398959?
184398959
What are the prime factors of 2097351106?
2, 2539, 413027
List the prime factors of 46873907.
59, 794473
List the prime factors of 1479855530.
2, 5, 147985553
What are the prime factors of 95422822?
2, 11, 4337401
List the prime factors of 5079270370.
2, 5, 17, 53, 33161
What are the prime factors of 1612040048?
2, 1721, 58543
What are the prime factors of 1192317197?
47, 25368451
List the prime factors of 2271646.
2, 13, 41, 2131
What are the prime factors of 6112167?
3, 19, 157, 683
What are the prime factors of 4556105463?
3, 7, 13, 43, 388117
What are the prime factors of 175152996?
2, 3, 839, 1933
What are the prime factors of 1350049343?
953, 1416631
What are the prime factors of 63846110?
2, 5, 29, 137, 1607
What are the prime factors of 706441236?
2, 3, 367, 160409
What are the prime factors of 678130127?
887, 764521
What are the prime factors of 125326842?
2, 3, 20887807
List the prime factors of 2182998517.
7, 23, 31, 437387
List the prime factors of 3113371946.
2, 67, 97, 239527
What are the prime factors of 3621905056?
2, 7, 11, 317, 4637
List the prime factors of 87502026.
2, 3, 17, 31, 27673
List the prime factors of 34948662.
2, 3, 7, 118873
List the prime factors of 182984543.
7, 26140649
What are the prime factors of 160154787?
3, 13, 113, 36341
List the prime factors of 5661893036.
2, 1109, 1276351
What are the prime factors of 137032446?
2, 3, 19, 251, 4789
List the prime factors of 3669752697.
3, 13, 157, 46103
What are the prime factors of 42062407?
443, 94949
List the prime factors of 1266197.
1266197
List the prime factors of 5844373.
491, 11903
List the prime factors of 123812420.
2, 5, 6190621
What are the prime factors of 195975231?
3, 911, 71707
List the prime factors of 108031970.
2, 5, 73, 83, 1783
What are the prime factors of 390942287?
47, 2557, 3253
List the prime factors of 37173642.
2, 3, 11, 439, 1283
What are the prime factors of 182576249?
1619, 112771
What are the prime factors of 41069219?
457, 89867
What are the prime factors of 265139360?
2, 5, 1657121
What are the prime factors of 258803843?
23, 11252341
List the prime factors of 2380294857.
3, 29, 27359711
List the prime factors of 800728753.
11, 79, 211, 397
What are the prime factors of 335079695?
5, 67015939
What are the prime factors of 143580109?
8933, 